{"id":335,"date":"2019-02-07T22:46:43","date_gmt":"2019-02-07T19:46:43","guid":{"rendered":"http:\/\/eren-pet.com.tr\/web\/?page_id=335"},"modified":"2019-02-11T02:02:24","modified_gmt":"2019-02-10T23:02:24","slug":"kavanozlar","status":"publish","type":"page","link":"https:\/\/eren-pet.com.tr\/web\/index.php\/kavanozlar\/","title":{"rendered":"Kavanozlar"},"content":{"rendered":"\n<ul class=\"wp-block-gallery columns-3 is-cropped\"><li class=\"blocks-gallery-item\"><figure><figure><img loading=\"lazy\" width=\"440\" height=\"614\" src=\"http:\/\/eren-pet.com.tr\/web\/wp-content\/uploads\/2019\/02\/2lt-K\u00f6\u015feli.png\" alt=\"\" data-id=\"358\" data-link=\"http:\/\/eren-pet.com.tr\/web\/index.php\/8-lt-kavanoz\/2lt-koseli\/\" class=\"wp-image-358\" srcset=\"https:\/\/eren-pet.com.tr\/web\/wp-content\/uploads\/2019\/02\/2lt-K\u00f6\u015feli.png 440w, https:\/\/eren-pet.com.tr\/web\/wp-content\/uploads\/2019\/02\/2lt-K\u00f6\u015feli-215x300.png 215w, https:\/\/eren-pet.com.tr\/web\/wp-content\/uploads\/2019\/02\/2lt-K\u00f6\u015feli-1x1.png 1w\" sizes=\"(max-width: 440px) 100vw, 440px\" \/><\/figure><figcaption>2lt K\u00f6\u015feli<\/figcaption><\/figure><\/li><li class=\"blocks-gallery-item\"><figure><figure><img loading=\"lazy\" width=\"390\" height=\"617\" src=\"http:\/\/eren-pet.com.tr\/web\/wp-content\/uploads\/2019\/02\/378lt.png\" alt=\"\" data-id=\"359\" data-link=\"http:\/\/eren-pet.com.tr\/web\/index.php\/8-lt-kavanoz\/378lt\/\" class=\"wp-image-359\" srcset=\"https:\/\/eren-pet.com.tr\/web\/wp-content\/uploads\/2019\/02\/378lt.png 390w, https:\/\/eren-pet.com.tr\/web\/wp-content\/uploads\/2019\/02\/378lt-190x300.png 190w, https:\/\/eren-pet.com.tr\/web\/wp-content\/uploads\/2019\/02\/378lt-1x2.png 1w\" sizes=\"(max-width: 390px) 100vw, 390px\" \/><\/figure><figcaption>3,78lt<\/figcaption><\/figure><\/li><li class=\"blocks-gallery-item\"><figure><figure><img loading=\"lazy\" width=\"436\" height=\"614\" src=\"http:\/\/eren-pet.com.tr\/web\/wp-content\/uploads\/2019\/02\/3lt-Kahve.png\" alt=\"\" data-id=\"360\" data-link=\"http:\/\/eren-pet.com.tr\/web\/index.php\/8-lt-kavanoz\/3lt-kahve\/\" class=\"wp-image-360\" srcset=\"https:\/\/eren-pet.com.tr\/web\/wp-content\/uploads\/2019\/02\/3lt-Kahve.png 436w, https:\/\/eren-pet.com.tr\/web\/wp-content\/uploads\/2019\/02\/3lt-Kahve-213x300.png 213w, https:\/\/eren-pet.com.tr\/web\/wp-content\/uploads\/2019\/02\/3lt-Kahve-1x1.png 1w\" sizes=\"(max-width: 436px) 100vw, 436px\" \/><\/figure><figcaption>3lt Kahve<\/figcaption><\/figure><\/li><li class=\"blocks-gallery-item\"><figure><figure><img loading=\"lazy\" width=\"404\" height=\"516\" src=\"http:\/\/eren-pet.com.tr\/web\/wp-content\/uploads\/2019\/02\/3lt-K\u00f6\u015feli.png\" alt=\"\" data-id=\"361\" data-link=\"http:\/\/eren-pet.com.tr\/web\/index.php\/8-lt-kavanoz\/3lt-koseli\/\" class=\"wp-image-361\" srcset=\"https:\/\/eren-pet.com.tr\/web\/wp-content\/uploads\/2019\/02\/3lt-K\u00f6\u015feli.png 404w, https:\/\/eren-pet.com.tr\/web\/wp-content\/uploads\/2019\/02\/3lt-K\u00f6\u015feli-235x300.png 235w, https:\/\/eren-pet.com.tr\/web\/wp-content\/uploads\/2019\/02\/3lt-K\u00f6\u015feli-1x1.png 1w\" sizes=\"(max-width: 404px) 100vw, 404px\" \/><\/figure><figcaption>3lt K\u00f6\u015feli<\/figcaption><\/figure><\/li><li class=\"blocks-gallery-item\"><figure><figure><img loading=\"lazy\" width=\"416\" height=\"618\" src=\"http:\/\/eren-pet.com.tr\/web\/wp-content\/uploads\/2019\/02\/45lt-Dilimli.png\" alt=\"\" data-id=\"362\" data-link=\"http:\/\/eren-pet.com.tr\/web\/index.php\/8-lt-kavanoz\/45lt-dilimli\/\" class=\"wp-image-362\" srcset=\"https:\/\/eren-pet.com.tr\/web\/wp-content\/uploads\/2019\/02\/45lt-Dilimli.png 416w, https:\/\/eren-pet.com.tr\/web\/wp-content\/uploads\/2019\/02\/45lt-Dilimli-202x300.png 202w, https:\/\/eren-pet.com.tr\/web\/wp-content\/uploads\/2019\/02\/45lt-Dilimli-1x1.png 1w\" sizes=\"(max-width: 416px) 100vw, 416px\" \/><\/figure><figcaption>4,5lt Dilimli<\/figcaption><\/figure><\/li><li class=\"blocks-gallery-item\"><figure><figure><img loading=\"lazy\" width=\"415\" height=\"621\" src=\"http:\/\/eren-pet.com.tr\/web\/wp-content\/uploads\/2019\/02\/4lt-Dilimli.png\" alt=\"\" data-id=\"363\" data-link=\"http:\/\/eren-pet.com.tr\/web\/index.php\/8-lt-kavanoz\/4lt-dilimli\/\" class=\"wp-image-363\" srcset=\"https:\/\/eren-pet.com.tr\/web\/wp-content\/uploads\/2019\/02\/4lt-Dilimli.png 415w, https:\/\/eren-pet.com.tr\/web\/wp-content\/uploads\/2019\/02\/4lt-Dilimli-200x300.png 200w, https:\/\/eren-pet.com.tr\/web\/wp-content\/uploads\/2019\/02\/4lt-Dilimli-1x1.png 1w\" sizes=\"(max-width: 415px) 100vw, 415px\" \/><\/figure><figcaption>4lt Dilimli<\/figcaption><\/figure><\/li><li class=\"blocks-gallery-item\"><figure><figure><img loading=\"lazy\" width=\"477\" height=\"603\" src=\"http:\/\/eren-pet.com.tr\/web\/wp-content\/uploads\/2019\/02\/5lt-Dilimli.png\" alt=\"\" data-id=\"364\" data-link=\"http:\/\/eren-pet.com.tr\/web\/index.php\/8-lt-kavanoz\/5lt-dilimli\/\" class=\"wp-image-364\" srcset=\"https:\/\/eren-pet.com.tr\/web\/wp-content\/uploads\/2019\/02\/5lt-Dilimli.png 477w, https:\/\/eren-pet.com.tr\/web\/wp-content\/uploads\/2019\/02\/5lt-Dilimli-237x300.png 237w, https:\/\/eren-pet.com.tr\/web\/wp-content\/uploads\/2019\/02\/5lt-Dilimli-1x1.png 1w\" sizes=\"(max-width: 477px) 100vw, 477px\" \/><\/figure><figcaption>5lt Dilimli<\/figcaption><\/figure><\/li><li class=\"blocks-gallery-item\"><figure><figure><img loading=\"lazy\" width=\"432\" height=\"619\" src=\"http:\/\/eren-pet.com.tr\/web\/wp-content\/uploads\/2019\/02\/5lt-K\u00f6\u015feli.png\" alt=\"\" data-id=\"365\" data-link=\"http:\/\/eren-pet.com.tr\/web\/index.php\/8-lt-kavanoz\/5lt-koseli\/\" class=\"wp-image-365\" srcset=\"https:\/\/eren-pet.com.tr\/web\/wp-content\/uploads\/2019\/02\/5lt-K\u00f6\u015feli.png 432w, https:\/\/eren-pet.com.tr\/web\/wp-content\/uploads\/2019\/02\/5lt-K\u00f6\u015feli-209x300.png 209w, https:\/\/eren-pet.com.tr\/web\/wp-content\/uploads\/2019\/02\/5lt-K\u00f6\u015feli-1x1.png 1w\" sizes=\"(max-width: 432px) 100vw, 432px\" \/><\/figure><figcaption>5lt K\u00f6\u015feli<\/figcaption><\/figure><\/li><li class=\"blocks-gallery-item\"><figure><figure><img loading=\"lazy\" width=\"432\" height=\"619\" src=\"http:\/\/eren-pet.com.tr\/web\/wp-content\/uploads\/2019\/02\/5lt-Tur\u015fu.png\" alt=\"\" data-id=\"366\" data-link=\"http:\/\/eren-pet.com.tr\/web\/index.php\/8-lt-kavanoz\/5lt-tursu\/\" class=\"wp-image-366\" srcset=\"https:\/\/eren-pet.com.tr\/web\/wp-content\/uploads\/2019\/02\/5lt-Tur\u015fu.png 432w, https:\/\/eren-pet.com.tr\/web\/wp-content\/uploads\/2019\/02\/5lt-Tur\u015fu-209x300.png 209w, https:\/\/eren-pet.com.tr\/web\/wp-content\/uploads\/2019\/02\/5lt-Tur\u015fu-1x1.png 1w\" sizes=\"(max-width: 432px) 100vw, 432px\" \/><\/figure><figcaption>5lt Tur\u015fu<\/figcaption><\/figure><\/li><li class=\"blocks-gallery-item\"><figure><figure><img loading=\"lazy\" width=\"386\" height=\"446\" src=\"http:\/\/eren-pet.com.tr\/web\/wp-content\/uploads\/2019\/02\/750cc.png\" alt=\"\" data-id=\"367\" data-link=\"http:\/\/eren-pet.com.tr\/web\/index.php\/8-lt-kavanoz\/750cc\/\" class=\"wp-image-367\" srcset=\"https:\/\/eren-pet.com.tr\/web\/wp-content\/uploads\/2019\/02\/750cc.png 386w, https:\/\/eren-pet.com.tr\/web\/wp-content\/uploads\/2019\/02\/750cc-260x300.png 260w, https:\/\/eren-pet.com.tr\/web\/wp-content\/uploads\/2019\/02\/750cc-1x1.png 1w\" sizes=\"(max-width: 386px) 100vw, 386px\" \/><\/figure><figcaption>750cc<\/figcaption><\/figure><\/li><li class=\"blocks-gallery-item\"><figure><figure><img loading=\"lazy\" width=\"417\" height=\"549\" src=\"http:\/\/eren-pet.com.tr\/web\/wp-content\/uploads\/2019\/02\/1000cc.png\" alt=\"\" data-id=\"368\" data-link=\"http:\/\/eren-pet.com.tr\/web\/index.php\/8-lt-kavanoz\/1000cc\/\" class=\"wp-image-368\" srcset=\"https:\/\/eren-pet.com.tr\/web\/wp-content\/uploads\/2019\/02\/1000cc.png 417w, https:\/\/eren-pet.com.tr\/web\/wp-content\/uploads\/2019\/02\/1000cc-228x300.png 228w, https:\/\/eren-pet.com.tr\/web\/wp-content\/uploads\/2019\/02\/1000cc-1x1.png 1w\" sizes=\"(max-width: 417px) 100vw, 417px\" \/><\/figure><figcaption>1000cc<\/figcaption><\/figure><\/li><li class=\"blocks-gallery-item\"><figure><figure><img loading=\"lazy\" width=\"470\" height=\"582\" src=\"http:\/\/eren-pet.com.tr\/web\/wp-content\/uploads\/2019\/02\/1300cc.png\" alt=\"\" data-id=\"369\" data-link=\"http:\/\/eren-pet.com.tr\/web\/index.php\/8-lt-kavanoz\/1300cc\/\" class=\"wp-image-369\" srcset=\"https:\/\/eren-pet.com.tr\/web\/wp-content\/uploads\/2019\/02\/1300cc.png 470w, https:\/\/eren-pet.com.tr\/web\/wp-content\/uploads\/2019\/02\/1300cc-242x300.png 242w, https:\/\/eren-pet.com.tr\/web\/wp-content\/uploads\/2019\/02\/1300cc-1x1.png 1w\" sizes=\"(max-width: 470px) 100vw, 470px\" \/><\/figure><figcaption>1300cc<\/figcaption><\/figure><\/li><li class=\"blocks-gallery-item\"><figure><figure><img loading=\"lazy\" width=\"409\" height=\"583\" src=\"http:\/\/eren-pet.com.tr\/web\/wp-content\/uploads\/2019\/02\/1650gr-Dilimli.png\" alt=\"\" data-id=\"370\" data-link=\"http:\/\/eren-pet.com.tr\/web\/index.php\/8-lt-kavanoz\/1650gr-dilimli\/\" class=\"wp-image-370\" srcset=\"https:\/\/eren-pet.com.tr\/web\/wp-content\/uploads\/2019\/02\/1650gr-Dilimli.png 409w, https:\/\/eren-pet.com.tr\/web\/wp-content\/uploads\/2019\/02\/1650gr-Dilimli-210x300.png 210w, https:\/\/eren-pet.com.tr\/web\/wp-content\/uploads\/2019\/02\/1650gr-Dilimli-1x1.png 1w\" sizes=\"(max-width: 409px) 100vw, 409px\" \/><\/figure><figcaption>1650gr Dilimli<\/figcaption><\/figure><\/li><li class=\"blocks-gallery-item\"><figure><figure><img loading=\"lazy\" width=\"463\" height=\"609\" src=\"http:\/\/eren-pet.com.tr\/web\/wp-content\/uploads\/2019\/02\/1650gr.png\" alt=\"\" data-id=\"371\" data-link=\"http:\/\/eren-pet.com.tr\/web\/index.php\/8-lt-kavanoz\/1650gr\/\" class=\"wp-image-371\" srcset=\"https:\/\/eren-pet.com.tr\/web\/wp-content\/uploads\/2019\/02\/1650gr.png 463w, https:\/\/eren-pet.com.tr\/web\/wp-content\/uploads\/2019\/02\/1650gr-228x300.png 228w, https:\/\/eren-pet.com.tr\/web\/wp-content\/uploads\/2019\/02\/1650gr-1x1.png 1w\" sizes=\"(max-width: 463px) 100vw, 463px\" \/><\/figure><figcaption>1650gr<\/figcaption><\/figure><\/li><li class=\"blocks-gallery-item\"><figure><figure><img loading=\"lazy\" width=\"460\" height=\"610\" src=\"http:\/\/eren-pet.com.tr\/web\/wp-content\/uploads\/2019\/02\/1700cc.png\" alt=\"\" data-id=\"372\" data-link=\"http:\/\/eren-pet.com.tr\/web\/index.php\/8-lt-kavanoz\/1700cc\/\" class=\"wp-image-372\" srcset=\"https:\/\/eren-pet.com.tr\/web\/wp-content\/uploads\/2019\/02\/1700cc.png 460w, https:\/\/eren-pet.com.tr\/web\/wp-content\/uploads\/2019\/02\/1700cc-226x300.png 226w, https:\/\/eren-pet.com.tr\/web\/wp-content\/uploads\/2019\/02\/1700cc-1x1.png 1w\" sizes=\"(max-width: 460px) 100vw, 460px\" \/><\/figure><figcaption>1700cc<\/figcaption><\/figure><\/li><li class=\"blocks-gallery-item\"><figure><figure><img loading=\"lazy\" width=\"359\" height=\"475\" src=\"http:\/\/eren-pet.com.tr\/web\/wp-content\/uploads\/2019\/02\/2000cc.png\" alt=\"\" data-id=\"373\" data-link=\"http:\/\/eren-pet.com.tr\/web\/index.php\/8-lt-kavanoz\/2000cc\/\" class=\"wp-image-373\" srcset=\"https:\/\/eren-pet.com.tr\/web\/wp-content\/uploads\/2019\/02\/2000cc.png 359w, https:\/\/eren-pet.com.tr\/web\/wp-content\/uploads\/2019\/02\/2000cc-227x300.png 227w, https:\/\/eren-pet.com.tr\/web\/wp-content\/uploads\/2019\/02\/2000cc-1x1.png 1w\" sizes=\"(max-width: 359px) 100vw, 359px\" \/><\/figure><figcaption>2000cc<\/figcaption><\/figure><\/li><li class=\"blocks-gallery-item\"><figure><figure><img loading=\"lazy\" width=\"354\" height=\"567\" src=\"http:\/\/eren-pet.com.tr\/web\/wp-content\/uploads\/2019\/02\/3000cc.png\" alt=\"\" data-id=\"374\" data-link=\"http:\/\/eren-pet.com.tr\/web\/index.php\/8-lt-kavanoz\/3000cc\/\" class=\"wp-image-374\" srcset=\"https:\/\/eren-pet.com.tr\/web\/wp-content\/uploads\/2019\/02\/3000cc.png 354w, https:\/\/eren-pet.com.tr\/web\/wp-content\/uploads\/2019\/02\/3000cc-187x300.png 187w, https:\/\/eren-pet.com.tr\/web\/wp-content\/uploads\/2019\/02\/3000cc-1x2.png 1w\" sizes=\"(max-width: 354px) 100vw, 354px\" \/><\/figure><figcaption>3000cc<\/figcaption><\/figure><\/li><li class=\"blocks-gallery-item\"><figure><figure><img loading=\"lazy\" width=\"448\" height=\"591\" src=\"http:\/\/eren-pet.com.tr\/web\/wp-content\/uploads\/2019\/02\/4000cc.png\" alt=\"\" data-id=\"375\" data-link=\"http:\/\/eren-pet.com.tr\/web\/index.php\/8-lt-kavanoz\/4000cc\/\" class=\"wp-image-375\" srcset=\"https:\/\/eren-pet.com.tr\/web\/wp-content\/uploads\/2019\/02\/4000cc.png 448w, https:\/\/eren-pet.com.tr\/web\/wp-content\/uploads\/2019\/02\/4000cc-227x300.png 227w, https:\/\/eren-pet.com.tr\/web\/wp-content\/uploads\/2019\/02\/4000cc-1x1.png 1w\" sizes=\"(max-width: 448px) 100vw, 448px\" \/><\/figure><figcaption>4000cc<\/figcaption><\/figure><\/li><li class=\"blocks-gallery-item\"><figure><figure><img loading=\"lazy\" width=\"413\" height=\"593\" src=\"http:\/\/eren-pet.com.tr\/web\/wp-content\/uploads\/2019\/02\/5000cc.png\" alt=\"\" data-id=\"376\" data-link=\"http:\/\/eren-pet.com.tr\/web\/index.php\/8-lt-kavanoz\/5000cc\/\" class=\"wp-image-376\" srcset=\"https:\/\/eren-pet.com.tr\/web\/wp-content\/uploads\/2019\/02\/5000cc.png 413w, https:\/\/eren-pet.com.tr\/web\/wp-content\/uploads\/2019\/02\/5000cc-209x300.png 209w, https:\/\/eren-pet.com.tr\/web\/wp-content\/uploads\/2019\/02\/5000cc-1x1.png 1w\" sizes=\"(max-width: 413px) 100vw, 413px\" \/><\/figure><figcaption>5000cc<\/figcaption><\/figure><\/li><li class=\"blocks-gallery-item\"><figure><figure><img loading=\"lazy\" width=\"423\" height=\"594\" src=\"http:\/\/eren-pet.com.tr\/web\/wp-content\/uploads\/2019\/02\/8000cc.png\" alt=\"\" data-id=\"377\" data-link=\"http:\/\/eren-pet.com.tr\/web\/index.php\/8-lt-kavanoz\/8000cc\/\" class=\"wp-image-377\" srcset=\"https:\/\/eren-pet.com.tr\/web\/wp-content\/uploads\/2019\/02\/8000cc.png 423w, https:\/\/eren-pet.com.tr\/web\/wp-content\/uploads\/2019\/02\/8000cc-214x300.png 214w, https:\/\/eren-pet.com.tr\/web\/wp-content\/uploads\/2019\/02\/8000cc-1x1.png 1w\" sizes=\"(max-width: 423px) 100vw, 423px\" \/><\/figure><figcaption>8000cc<\/figcaption><\/figure><\/li><li class=\"blocks-gallery-item\"><figure><figure><img loading=\"lazy\" width=\"432\" height=\"621\" src=\"http:\/\/eren-pet.com.tr\/web\/wp-content\/uploads\/2019\/02\/10000cc-\u0130nce.png\" alt=\"\" data-id=\"378\" data-link=\"http:\/\/eren-pet.com.tr\/web\/index.php\/8-lt-kavanoz\/10000cc-ince\/\" class=\"wp-image-378\" srcset=\"https:\/\/eren-pet.com.tr\/web\/wp-content\/uploads\/2019\/02\/10000cc-\u0130nce.png 432w, https:\/\/eren-pet.com.tr\/web\/wp-content\/uploads\/2019\/02\/10000cc-\u0130nce-209x300.png 209w, https:\/\/eren-pet.com.tr\/web\/wp-content\/uploads\/2019\/02\/10000cc-\u0130nce-1x1.png 1w\" sizes=\"(max-width: 432px) 100vw, 432px\" \/><\/figure><figcaption>10000cc \u0130nce<\/figcaption><\/figure><\/li><li class=\"blocks-gallery-item\"><figure><figure><img loading=\"lazy\" width=\"503\" height=\"623\" src=\"http:\/\/eren-pet.com.tr\/web\/wp-content\/uploads\/2019\/02\/10000cc-Kal\u0131n.png\" alt=\"\" data-id=\"379\" data-link=\"http:\/\/eren-pet.com.tr\/web\/index.php\/8-lt-kavanoz\/10000cc-kalin\/\" class=\"wp-image-379\" srcset=\"https:\/\/eren-pet.com.tr\/web\/wp-content\/uploads\/2019\/02\/10000cc-Kal\u0131n.png 503w, https:\/\/eren-pet.com.tr\/web\/wp-content\/uploads\/2019\/02\/10000cc-Kal\u0131n-242x300.png 242w, https:\/\/eren-pet.com.tr\/web\/wp-content\/uploads\/2019\/02\/10000cc-Kal\u0131n-1x1.png 1w\" sizes=\"(max-width: 503px) 100vw, 503px\" \/><\/figure><figcaption>10000cc Kal\u0131n<\/figcaption><\/figure><\/li><li class=\"blocks-gallery-item\"><figure><figure><img loading=\"lazy\" width=\"435\" height=\"594\" src=\"http:\/\/eren-pet.com.tr\/web\/wp-content\/uploads\/2019\/02\/15000cc.png\" alt=\"\" data-id=\"380\" data-link=\"http:\/\/eren-pet.com.tr\/web\/index.php\/8-lt-kavanoz\/15000cc\/\" class=\"wp-image-380\" srcset=\"https:\/\/eren-pet.com.tr\/web\/wp-content\/uploads\/2019\/02\/15000cc.png 435w, https:\/\/eren-pet.com.tr\/web\/wp-content\/uploads\/2019\/02\/15000cc-220x300.png 220w, https:\/\/eren-pet.com.tr\/web\/wp-content\/uploads\/2019\/02\/15000cc-1x1.png 1w\" sizes=\"(max-width: 435px) 100vw, 435px\" \/><\/figure><figcaption>15000cc<\/figcaption><\/figure><\/li><li class=\"blocks-gallery-item\"><figure><figure><img loading=\"lazy\" width=\"400\" height=\"603\" src=\"http:\/\/eren-pet.com.tr\/web\/wp-content\/uploads\/2019\/02\/20000cc.png\" alt=\"\" data-id=\"381\" data-link=\"http:\/\/eren-pet.com.tr\/web\/index.php\/8-lt-kavanoz\/20000cc\/\" class=\"wp-image-381\" srcset=\"https:\/\/eren-pet.com.tr\/web\/wp-content\/uploads\/2019\/02\/20000cc.png 400w, https:\/\/eren-pet.com.tr\/web\/wp-content\/uploads\/2019\/02\/20000cc-199x300.png 199w, https:\/\/eren-pet.com.tr\/web\/wp-content\/uploads\/2019\/02\/20000cc-1x2.png 1w\" sizes=\"(max-width: 400px) 100vw, 400px\" \/><\/figure><figcaption>20000cc<\/figcaption><\/figure><\/li><li class=\"blocks-gallery-item\"><figure><figure><img loading=\"lazy\" width=\"219\" height=\"332\" src=\"http:\/\/eren-pet.com.tr\/web\/wp-content\/uploads\/2019\/02\/750cc-1.png\" alt=\"\" data-id=\"390\" data-link=\"http:\/\/eren-pet.com.tr\/web\/index.php\/8-lt-kavanoz\/750cc-2\/\" class=\"wp-image-390\" srcset=\"https:\/\/eren-pet.com.tr\/web\/wp-content\/uploads\/2019\/02\/750cc-1.png 219w, https:\/\/eren-pet.com.tr\/web\/wp-content\/uploads\/2019\/02\/750cc-1-198x300.png 198w, https:\/\/eren-pet.com.tr\/web\/wp-content\/uploads\/2019\/02\/750cc-1-1x2.png 1w\" sizes=\"(max-width: 219px) 100vw, 219px\" \/><\/figure><figcaption>750cc<\/figcaption><\/figure><\/li><li class=\"blocks-gallery-item\"><figure><figure><img loading=\"lazy\" width=\"257\" height=\"348\" src=\"http:\/\/eren-pet.com.tr\/web\/wp-content\/uploads\/2019\/02\/1100cc.png\" alt=\"\" data-id=\"391\" data-link=\"http:\/\/eren-pet.com.tr\/web\/index.php\/8-lt-kavanoz\/1100cc\/\" class=\"wp-image-391\" srcset=\"https:\/\/eren-pet.com.tr\/web\/wp-content\/uploads\/2019\/02\/1100cc.png 257w, https:\/\/eren-pet.com.tr\/web\/wp-content\/uploads\/2019\/02\/1100cc-222x300.png 222w, https:\/\/eren-pet.com.tr\/web\/wp-content\/uploads\/2019\/02\/1100cc-1x1.png 1w\" sizes=\"(max-width: 257px) 100vw, 257px\" \/><\/figure><figcaption>1100cc<\/figcaption><\/figure><\/li><li class=\"blocks-gallery-item\"><figure><figure><img loading=\"lazy\" width=\"221\" height=\"337\" src=\"http:\/\/eren-pet.com.tr\/web\/wp-content\/uploads\/2019\/02\/1300cc-Damla.png\" alt=\"\" data-id=\"392\" data-link=\"http:\/\/eren-pet.com.tr\/web\/index.php\/8-lt-kavanoz\/1300cc-damla\/\" class=\"wp-image-392\" srcset=\"https:\/\/eren-pet.com.tr\/web\/wp-content\/uploads\/2019\/02\/1300cc-Damla.png 221w, https:\/\/eren-pet.com.tr\/web\/wp-content\/uploads\/2019\/02\/1300cc-Damla-197x300.png 197w, https:\/\/eren-pet.com.tr\/web\/wp-content\/uploads\/2019\/02\/1300cc-Damla-1x2.png 1w\" sizes=\"(max-width: 221px) 100vw, 221px\" \/><\/figure><figcaption>1300cc Damla<\/figcaption><\/figure><\/li><li class=\"blocks-gallery-item\"><figure><figure><img loading=\"lazy\" width=\"220\" height=\"307\" src=\"http:\/\/eren-pet.com.tr\/web\/wp-content\/uploads\/2019\/02\/1300cc-El-Tutmal\u0131.png\" alt=\"\" data-id=\"393\" data-link=\"http:\/\/eren-pet.com.tr\/web\/index.php\/8-lt-kavanoz\/1300cc-el-tutmali\/\" class=\"wp-image-393\" srcset=\"https:\/\/eren-pet.com.tr\/web\/wp-content\/uploads\/2019\/02\/1300cc-El-Tutmal\u0131.png 220w, https:\/\/eren-pet.com.tr\/web\/wp-content\/uploads\/2019\/02\/1300cc-El-Tutmal\u0131-215x300.png 215w, https:\/\/eren-pet.com.tr\/web\/wp-content\/uploads\/2019\/02\/1300cc-El-Tutmal\u0131-1x1.png 1w\" sizes=\"(max-width: 220px) 100vw, 220px\" \/><\/figure><figcaption>1300cc El Tutmal\u0131<\/figcaption><\/figure><\/li><li class=\"blocks-gallery-item\"><figure><figure><img loading=\"lazy\" width=\"369\" height=\"540\" src=\"http:\/\/eren-pet.com.tr\/web\/wp-content\/uploads\/2019\/02\/2000cc-K\u00f6\u015feli.png\" alt=\"\" data-id=\"394\" data-link=\"http:\/\/eren-pet.com.tr\/web\/index.php\/8-lt-kavanoz\/2000cc-koseli\/\" class=\"wp-image-394\" srcset=\"https:\/\/eren-pet.com.tr\/web\/wp-content\/uploads\/2019\/02\/2000cc-K\u00f6\u015feli.png 369w, https:\/\/eren-pet.com.tr\/web\/wp-content\/uploads\/2019\/02\/2000cc-K\u00f6\u015feli-205x300.png 205w, https:\/\/eren-pet.com.tr\/web\/wp-content\/uploads\/2019\/02\/2000cc-K\u00f6\u015feli-1x1.png 1w\" sizes=\"(max-width: 369px) 100vw, 369px\" \/><\/figure><figcaption>2000cc K\u00f6\u015feli<\/figcaption><\/figure><\/li><\/ul>\n","protected":false},"excerpt":{"rendered":"<p>2lt K\u00f6\u015feli 3,78lt 3lt Kahve 3lt K\u00f6\u015feli 4,5lt Dilimli 4lt Dilimli 5lt Dilimli 5lt K\u00f6\u015feli 5lt Tur\u015fu 750cc 1000cc 1300cc 1650gr Dilimli 1650gr 1700cc 2000cc 3000cc 4000cc 5000cc 8000cc 10000cc \u0130nce 10000cc Kal\u0131n 15000cc 20000cc 750cc 1100cc 1300cc Damla 1300cc El Tutmal\u0131 2000cc K\u00f6\u015feli<\/p>\n","protected":false},"author":1,"featured_media":361,"parent":0,"menu_order":0,"comment_status":"closed","ping_status":"closed","template":"","meta":[],"_links":{"self":[{"href":"https:\/\/eren-pet.com.tr\/web\/index.php\/wp-json\/wp\/v2\/pages\/335"}],"collection":[{"href":"https:\/\/eren-pet.com.tr\/web\/index.php\/wp-json\/wp\/v2\/pages"}],"about":[{"href":"https:\/\/eren-pet.com.tr\/web\/index.php\/wp-json\/wp\/v2\/types\/page"}],"author":[{"embeddable":true,"href":"https:\/\/eren-pet.com.tr\/web\/index.php\/wp-json\/wp\/v2\/users\/1"}],"replies":[{"embeddable":true,"href":"https:\/\/eren-pet.com.tr\/web\/index.php\/wp-json\/wp\/v2\/comments?post=335"}],"version-history":[{"count":10,"href":"https:\/\/eren-pet.com.tr\/web\/index.php\/wp-json\/wp\/v2\/pages\/335\/revisions"}],"predecessor-version":[{"id":408,"href":"https:\/\/eren-pet.com.tr\/web\/index.php\/wp-json\/wp\/v2\/pages\/335\/revisions\/408"}],"wp:featuredmedia":[{"embeddable":true,"href":"https:\/\/eren-pet.com.tr\/web\/index.php\/wp-json\/wp\/v2\/media\/361"}],"wp:attachment":[{"href":"https:\/\/eren-pet.com.tr\/web\/index.php\/wp-json\/wp\/v2\/media?parent=335"}],"curies":[{"name":"wp","href":"https:\/\/api.w.org\/{rel}","templated":true}]}}